
Is 263404 a multiple of 130?
False
Does 16 divide 1051808?
True
Is 259 a factor of 630924?
True
Is 71 a factor of 19809876?
False
Does 62 divide 426370?
False
Is 2028842 a multiple of 492?
False
Is 6392897 a multiple of 263?
False
Is 257 a factor of 8904968?
False
Is 175 a factor of 4682209?
False
Is 23858 a multiple of 36?
False
Is 213321 a multiple of 633?
True
Is 21 a factor of 980375?
False
Is 58 a factor of 101082?
False
Does 34 divide 721966?
False
Is 6861 a multiple of 119?
False
Is 14 a factor of 1543161?
False
Does 32 divide 4190054?
False
Is 4427170 a multiple of 3?
False
Does 458 divide 1286064?
True
Does 636 divide 7675248?
True
Does 161 divide 294118?
False
Does 57 divide 991158?
False
Is 22 a factor of 62986?
True
Does 67 divide 119260?
True
Is 727 a factor of 719003?
True
Is 4822 a multiple of 155?
False
Is 62036 a multiple of 52?
True
Is 6 a factor of 1407306?
True
Is 48 a factor of 1827936?
True
Does 177 divide 188877?
False
Is 105833 a multiple of 91?
True
Is 3 a factor of 3375642?
True
Does 12 divide 29561608?
False
Is 73 a factor of 456815?
False
Does 7 divide 344242?
False
Does 732 divide 224806?
False
Does 672 divide 12830136?
False
Is 258249 a multiple of 17?
False
Is 86520 a multiple of 40?
True
Is 54 a factor of 208300?
False
Does 529 divide 260268?
True
Does 27 divide 15213?
False
Is 8 a factor of 717347?
False
Is 13 a factor of 556623?
False
Is 11 a factor of 381581?
False
Does 154 divide 52206?
True
Does 193 divide 6622216?
True
Does 18 divide 621198?
True
Does 268 divide 3342461?
False
Does 30 divide 14536?
False
Is 53 a factor of 39591?
True
Is 401216 a multiple of 4?
True
Is 6 a factor of 321234?
True
Is 96690 a multiple of 55?
True
Is 220116 a multiple of 75?
False
Does 95 divide 36195?
True
Is 18 a factor of 1860619?
False
Does 27 divide 359910?
True
Is 597432 a multiple of 44?
True
Is 93 a factor of 34567?
False
Is 1179607 a multiple of 13?
True
Is 112772 a multiple of 44?
True
Is 368663 even?
False
Does 784 divide 9929062?
False
Is 804844 a multiple of 16?
False
Does 212 divide 5088522?
False
Does 11 divide 3186254?
False
Does 446 divide 10706900?
False
Is 3440858 a multiple of 498?
False
Is 7 a factor of 3492?
False
Does 17 divide 653038?
True
Is 100129 a multiple of 123?
False
Does 11 divide 16094?
False
Is 77 a factor of 306043?
False
Does 20 divide 1238157?
False
Does 90 divide 8143851?
False
Does 313 divide 389998?
True
Does 286 divide 1323322?
True
Is 144 a factor of 94464?
True
Is 411 a factor of 8184243?
True
Is 383665 a multiple of 5?
True
Is 69212 a multiple of 26?
True
Does 11 divide 748575?
False
Is 14790 a multiple of 34?
True
Is 51 a factor of 429624?
True
Does 30 divide 9769620?
True
Does 4 divide 24617?
False
Is 193 a factor of 73221?
False
Is 15 a factor of 1622865?
True
Is 586 a factor of 6821747?
False
Is 1084 a factor of 1985888?
True
Is 362280 a multiple of 15?
True
Is 17685 a multiple of 16?
False
Is 139 a factor of 11511563?
True
Does 664 divide 813381?
False
Does 14 divide 4710060?
False
Does 17 divide 7000?
False
Is 8 a factor of 23437?
False
Is 1513561 a multiple of 23?
True
Does 13 divide 15027038?
True
Does 96 divide 1014796?
False
Is 12 a factor of 5543628?
True
Is 6 a factor of 157751?
False
Is 41 a factor of 6702488?
False
Is 2086121 a multiple of 31?
False
Is 265567 a multiple of 110?
False
Is 17712 a multiple of 27?
True
Does 112 divide 274960?
True
Does 8 divide 42376?
True
Does 446 divide 2279712?
False
Is 766 a factor of 2770076?
False
Is 1435650 a multiple of 10?
True
Does 486 divide 45628?
False
Is 437888 a multiple of 16?
True
Is 915568 a multiple of 17?
False
Does 165 divide 148170?
True
Does 29 divide 1676113?
True
Does 13 divide 1632709?
True
Does 200 divide 3819400?
True
Is 226544 a multiple of 66?
False
Is 4351685 a multiple of 13?
True
Is 767514 a multiple of 174?
True
Is 3 a factor of 26097?
True
Is 5317711 a multiple of 4?
False
Is 5 a factor of 623672?
False
Is 2 a factor of 19163?
False
Is 99 a factor of 1236785?
False
Does 833 divide 3480274?
True
Is 65 a factor of 949068?
False
Is 72628 a multiple of 144?
False
Does 28 divide 2310000?
True
Is 27 a factor of 1202364?
True
Is 38 a factor of 2231672?
False
Is 753337 a multiple of 171?
False
Does 63 divide 372708?
True
Is 365879 a multiple of 89?
True
Does 184 divide 137448?
True
Is 59 a factor of 476366?
True
Is 36 a factor of 6466536?
True
Is 177156 a multiple of 399?
True
Is 11 a factor of 284911?
True
Does 9 divide 4670894?
False
Is 23 a factor of 257324?
True
Is 5 a factor of 22544?
False
Is 2599416 a multiple of 457?
True
Does 14 divide 394305?
False
Is 29 a factor of 9581?
False
Does 14 divide 319247?
False
Is 40 a factor of 206580?
False
Does 11 divide 2522786?
False
Is 45 a factor of 3421170?
True
Is 968915 a multiple of 747?
False
Does 124 divide 219480?
True
Does 67 divide 109122?
False
Does 1449 divide 11951352?
True
Is 16 a factor of 816492?
False
Is 34 a factor of 1010140?
True
Is 55650 a multiple of 35?
True
Is 22 a factor of 607536?
False
Is 442097 a multiple of 517?
False
Is 145455 a multiple of 12?
False
Does 222 divide 795426?
True
Does 225 divide 4076558?
False
Is 1352011 a multiple of 6?
False
Does 65 divide 16699?
False
Is 1728740 a multiple of 65?
True
Does 606 divide 341784?
True
Does 49 divide 119744?
False
Is 370 a factor of 1048950?
True
Does 39 divide 25274376?
False
Is 31 a factor of 38378?
True
Is 1436199 a multiple of 97?
False
Is 11 a factor of 2422045?
False
Does 14 divide 1151335?
False
Is 23216778 a multiple of 117?
True
Does 12 divide 82668?
True
Does 140 divide 17199452?
False
Is 178342 a multiple of 22?
False
Is 7852754 a multiple of 26?
True
Does 6 divide 5279?
False
Is 40544 a multiple of 73?
False
Does 211 divide 3418833?
True
Is 91684 a multiple of 2?
True
Is 1856428 a multiple of 3?
False
Does 825 divide 1492203?
False
Is 5808 a multiple of 68?
False
Does 5 divide 57053?
False
Does 5 divide 4829?
False
Is 2713219 a multiple of 38?
False
Is 997 a factor of 1284286?
False
Is 95 a factor of 475?
True
Does 120 divide 2239680?
True
Is 64979 a multiple of 3?
False
Is 41938 a multiple of 13?
True
Does 402 divide 1719276?
False
Is 817040 a multiple of 80?
True
Is 267 a factor of 583622?
False
Is 6758106 a multiple of 53?
False
Is 30 a factor of 176598?
False
Does 118 divide 662933?
False
Is 7739304 a multiple of 804?
True
Is 111 a factor of 226309?
False
Is 39 a factor of 21334322?
False
Is 451240 a multiple of 10?
True
Does 5 divide 11948?
False
Is 512961 a multiple of 16?
False
Is 692804 a multiple of 265?
False
Does 9 divide 684403?
False
Does 322 divide 609420?
False
Is 7907885 a multiple of 335?
False
Is 17 a factor of 13026893?
False
Does 12 divide 4921716?
True
Is 72 a factor of 25935?
False
Does 6 divide 60981?
False
Is 93568 a multiple of 344?
True
Is 417133 a multiple of 190?
False
Does 27 divide 904575?
False
Is 3030816 a multiple of 32?
True
Does 14 divide 115402?
True
Is 13 a factor of 486169?
False
Is 1711 a factor of 9602640?
False
Does 15 divide 276255?
True
Is 1498780 a multiple of 274?
True
Does 507 divide 111676?
False
Is 77 a factor of 8201?
False
Is 496 a factor of 2460160?
True
Is 323 a factor of 78747?
False
Is 617326 a multiple of 3?
False
Is 580435 a multiple of 29?
True
Is 652 a factor of 1435302?
False
Is 12 a factor of 8335200?
True
Is 21 a factor of 119284?
False
Is 2836189 a multiple of 489?
False
Does 12 divide 303763?
False
Is 714 a factor of 30923?
False
Is 9123534 a multiple of 10?
False
Is 10120000 a multiple of 880?
True
Is 191 a factor of 25594?
True
Is 104 a factor of 1275560?
True
Does 4 divide 1715457?
False
Is 31 a factor of 264337?
True
Is 154632 a multiple of 189?
False
Is 434498 a multiple of 38?
False
Is 2744014 a multiple of 27?
False
Is 13 a factor of 50245?
True
Is 2699360 a multiple of 160?
True
Does 167 divide 561695?
False
Is 239040 a multiple of 332?
True
Is 409 a factor of 831033?
False
Is 157 a factor of 310546?
True
Is 291568 a multiple of 54?
False
Is 8937535 a multiple of 18?
False
Does 157 divide 253907?
False
Does 13 divide 692040?
False
Is 291254 a multiple of 137?
False
Is 74 a factor of 601467?
False
Is 3012826 a multiple of 29?
False
Does 758 divide 9007328?
False
Is 1491376 a multiple of 729?
False
Is 8715290 